79?
89
Calculate the highest common factor of 152 and 8.
8
What is the greatest common divisor of 13013 and 143?
143
What is the highest common factor of 124 and 15872?
124
Calculate the greatest common factor of 5 and 755.
5
What is the highest common factor of 2994 and 10?
2
What is the highest common divisor of 196 and 16?
4
What is the greatest common factor of 189 and 1215?
27
Calculate the greatest common divisor of 110 and 2970.
110
What is the greatest common factor of 8 and 23048?
8
What is the greatest common factor of 470 and 50?
10
What is the highest common factor of 96 and 132?
12
What is the highest common factor of 737 and 55?
11
Calculate the highest common factor of 84 and 1239.
21
What is the greatest common factor of 400 and 10?
10
Calculate the highest common factor of 310 and 50.
10
What is the greatest common factor of 1067 and 388?
97
Calculate the highest common divisor of 608 and 176.
16
Calculate the greatest common factor of 428 and 2354.
214
Calculate the highest common factor of 16 and 7408.
16
What is the highest common divisor of 225 and 3645?
45
What is the greatest common divisor of 1232 and 6952?
88
Calculate the greatest common factor of 63 and 63.
63
What is the greatest common divisor of 1288 and 115?
23
Calculate the greatest common divisor of 352 and 132.
44
Calculate the greatest common divisor of 2000 and 16.
16
What is the highest common divisor of 19 and 29621?
19
What is the highest common factor of 342 and 14022?
342
Calculate the highest common divisor of 31 and 8649.
31
Calculate the greatest common divisor of 2765 and 35.
35
What is the greatest common divisor of 3936 and 96?
96
What is the greatest common factor of 339 and 6?
3
What is the highest common factor of 2656 and 83?
83
What is the greatest common divisor of 18 and 18?
18
What is the highest common factor of 2585 and 385?
55
What is the greatest common divisor of 119 and 21?
7
Calculate the highest common factor of 8 and 98.
2
What is the greatest common factor of 11 and 44?
11
What is the greatest common divisor of 46 and 161?
23
What is the greatest common factor of 42 and 854?
14
What is the highest common divisor of 1219 and 437?
23
Calculate the highest common factor of 18 and 498.
6
Calculate the highest common factor of 3363 and 1062.
177
Calculate the greatest common divisor of 12860 and 4.
4
What is the greatest common divisor of 192 and 24?
24
What is the greatest common divisor of 59 and 37229?
59
What is the highest common factor of 221 and 119?
17
Calculate the greatest common factor of 820 and 20.
20
What is the highest common factor of 24 and 456?
24
What is the highest common divisor of 436 and 50?
2
Calculate the highest common divisor of 30 and 140.
10
Calculate the highest common factor of 2460 and 328.
164
Calculate the highest common factor of 4090 and 20.
10
What is the greatest common divisor of 355 and 5?
5
Calculate the highest common divisor of 155 and 95635.
155
Calculate the highest common divisor of 2651 and 11.
11
What is the greatest common factor of 5 and 215?
5
Calculate the greatest common factor of 42915 and 15.
15
What is the greatest common factor of 468 and 273?
39
Calculate the greatest common factor of 171 and 2071.
19
Calculate the greatest common divisor of 2940 and 40.
20
What is the highest common divisor of 1148 and 196?
28
Calculate the highest common divisor of 8 and 136.
8
Calculate the greatest common divisor of 4422 and 33.
33
What is the highest common divisor of 40 and 4520?
40
What is the greatest common factor of 60 and 11820?
60
What is the greatest common factor of 456 and 24?
24
Calculate the highest common divisor of 1364 and 44.
44
What is the greatest common divisor of 35 and 56?
7
What is the highest common factor of 638 and 44?
22
Calculate the highest common divisor of 30 and 660.
30
Calculate the greatest common factor of 158 and 4.
2
What is the greatest common factor of 112 and 80?
16
Calculate the greatest common factor of 322 and 14.
14
Calculate the greatest common factor of 7540 and 2080.
260
Calculate the highest common divisor of 38 and 2698.
38
Calculate the greatest common divisor of 3358 and 230.
46
Calculate the greatest common divisor of 2208 and 92.
92
Calculate the highest common divisor of 289 and 17.
17
Calculate the greatest common factor of 1287 and 143.
143
What is the highest common divisor of 207 and 6?
3
Calculate the greatest common factor of 1 and 5903.
1
What is the greatest common factor of 15 and 1335?
15
What is the highest common factor of 1817 and 23?
23
What is the greatest common divisor of 473 and 43?
43
What is the greatest common divisor of 59840 and 255?
85
Calculate the highest common factor of 956 and 4.
4
Calculate the greatest common divisor of 68 and 85.
17
What is the highest common divisor of 7776 and 16?
16
Calculate the greatest common divisor of 31 and 2759.
31
Calculate the greatest common factor of 6 and 321.
3
Calculate the greatest common factor of 49 and 2989.
49
What is the greatest common divisor of 18 and 1746?
18
What is the greatest common divisor of 7 and 6839?
7
Calculate the greatest common factor of 732 and 24.
12
What is the highest common factor of 33 and 825?
33
Calculate the highest common divisor of 175 and 150.
25
Calculate the greatest common factor of 1 and 125.
1
What is the greatest common divisor of 2009 and 49?
49
What is the greatest common divisor of 16 and 32?
16
What is the highest common divisor of 272 and 85?
17
Calculate the greatest common divisor of 35 and 49.
7
What is the highest common divisor of 275 and 330?
55
What is the highest common divisor of 200 and 120?
40
Calculate the greatest common factor of 180 and 32.
4
What is the greatest common factor of 111 and 4699?
37
Calculate the greatest common factor of 248 and 434.
62
What is the highest common factor of 147 and 3?
3
Calculate the greatest common factor of 204 and 300.
12
What is the highest common divisor of 790 and 1270?
10
Calculate the greatest common divisor of 14 and 119.
7
What is the greatest common divisor of 16362 and 324?
162
What is the highest common factor of 2121 and 42?
21
Calculate the greatest common divisor of 60 and 3804.
12
What is the highest common factor of 15 and 20?
5
What is the highest common divisor of 1505 and 43?
43
Calculate the highest common divisor of 82 and 369.
41
Calculate the highest common factor of 781 and 71.
71
Calculate the greatest common divisor of 70 and 260.
10
What is the greatest common factor of 43 and 43?
43
Calculate the highest common factor of 3776 and 64.
64
Calculate the highest common factor of 2457 and 108.
27
What is the highest common divisor of 112 and 392?
56
Calculate the highest common divisor of 366 and 132.
6
What is the greatest common factor of 2 and 2137?
1
Calculate the greatest common factor of 58 and 14.
2
What is the greatest common divisor of 225 and 801?
9
What is the highest common divisor of 1218 and 261?
87
What is the greatest common divisor of 115 and 23?
23
Calculate the highest common divisor of 14 and 14.
14
What is the highest common divisor of 83 and 3901?
83
Calculate the greatest common factor of 1513 and 178.
89
Calculate the greatest common factor of 92 and 621.
23
Calculate the highest common factor of 4272 and 48.
48
Calculate the highest common divisor of 341 and 11.
11
Calculate the greatest common divisor of 54 and 2241.
27
Calculate the highest common divisor of 70 and 66920.
70
What is the greatest common factor of 18 and 441?
9
Calculate the greatest common factor of 4884 and 148.
148
Calculate the greatest common factor of 1235 and 285.
95
Calculate the greatest common factor of 41 and 943.
41
Calculate the highest common divisor of 120 and 7032.
24
What is the highest common factor of 78 and 54?
6
What is the greatest common divisor of 1 and 7?
1
What is the greatest common divisor of 202 and 707?
101
What is the highest common divisor of 132 and 1804?
44
What is the greatest common divisor of 873 and 97?
97
What is the highest common factor of 783 and 135?
27
Calculate the greatest common factor of 120 and 105.
15
Calculate the highest common factor of 248 and 5084.
124
What is the greatest common divisor of 30 and 970?
10
Wh